m + 2*m. Let p = v + m. What is the remainder when p is divided by 3?
2
Let a(z) = -11*z**2 - 2*z - 1. Let k be a(-1). Let n = -2 - k. Calculate the remainder when n is divided by -1 + 5/(5/4).
2
Let f(b) = -b**3 - 9*b**2 + 8*b - 14. Let t be f(-10). Let d = 12 - t. What is the remainder when 25 is divided by (-78)/(-4)*4/d?
12
Let l(i) = i**3 + 12*i**2 + 14*i + 12. What is the remainder when l(-10) is divided by 15?
12
Let j(g) = -2*g**3 + 29*g**2 + 18*g + 5. Calculate the remainder when 147 is divided by j(15).
47
Suppose 11*t = 358 - 50. What is the remainder when 79 is divided by t?
23
Let w = 1 - -12. Calculate the remainder when 51 is divided by w.
12
What is the remainder when 154 is divided by ((-318)/42)/((-5)/35)?
48
Let h(d) = -d**3 - 3*d**2 + 6*d + 4. What is the remainder when 69 is divided by h(-5)?
21
Let k(a) = a**3 + 7*a**2 - 11*a - 7. What is the remainder when 65 is divided by k(-8)?
14
Calculate the remainder when (0 + (-6)/(-4))/(2/116) is divided by 23.
18
Suppose 3*p - 13 = -2*i - 0*p, 13 = -i + 5*p. Suppose -12 = -4*l, -i*f + 5*l = -4*f + 5. Let k = 15 - f. What is the remainder when k is divided by 11?
9
Suppose -3*c = -4*c + 2. What is the remainder when 7 is divided by c?
1
Suppose -4*z + 3*n - 94 = 0, -2*z - 2*n = -z + 29. Let k = z + 39. Let y = -11 + 37. What is the remainder when y is divided by k?
12
Let i(o) = o**2 - 4*o + 6. Let a be -3*1/((-6)/118). Suppose 74 = 2*h - 3*u + 5*u, 0 = 2*h - u - a. What is the remainder when h is divided by i(5)?
10
Suppose 3*u - 1 = -13. Let j be (-2 - (u - -1))*-9. Let v = 1 - j. What is the remainder when 27 is divided by v?
7
Suppose 2*s = 4*n - 312, 2*n + 0*s = -2*s + 162. What is the remainder when n is divided by 20?
19
Let v(l) = l**2 + 7*l + 19. Calculate the remainder when 161 is divided by v(-8).
26
Let n(z) = -z**2 + 14*z - 5. Let c(m) = -2*m - 7. Let r be c(5). Let d = 5 - r. What is the remainder when d is divided by n(13)?
6
Let s(y) = 5*y**2 - 13*y - 12. Calculate the remainder when 53 is divided by s(4).
5
Let x = 5 - 11. Let g be (x/4 + 2)*44. Suppose i - g = -i. What is the remainder when 31 is divided by i?
9
Let g(n) = -n**3 + 11*n**2 - 8*n - 11. Calculate the remainder when 89 is divided by g(10).
8
Calculate the remainder when 150 is divided by (-113)/(-3) - (-2)/6.
36
Let c = 18 - -6. Let w = 47 + 47. What is the remainder when w is divided by c?
22
Let x be (-42)/(-8) - 3/12. Suppose x*m + 107 = 2. Let k = 10 - m. Calculate the remainder when k is divided by 16.
15
Let y(o) = -9*o - 8. Calculate the remainder when y(-4) is divided by 11.
6
Let y be (-3 - -7) + (1 - -1). What is the remainder when (-6)/4*y/(-3) is divided by 2?
1
Suppose 4*z - 24 = -0*z. What is the remainder when (-3 + 21/(-3))*(-5)/5 is divided by z?
4
Suppose -k + 5*k = -12. Suppose 2*a - 7*a + 2*p + 52 = 0, -54 = -5*a + 4*p. Let y = a + k. What is the remainder when 13 is divided by y?
6
Let n(g) = 14*g**2 + g - 1. Let p be n(1). Let v be (0 + -1)/(1/p). What is the remainder when (-94)/(-14) + (-4)/v is divided by 4?
3
Suppose 5*x + 4*t = 2*x + 23, -4 = -x - 5*t. What is the remainder when 11 is divided by x?
2
Suppose n - 5*k + 17 = 0, -4*n + 0*k - 26 = k. Let c = n + 11. Calculate the remainder when -1*1*(-2 - -5 - 16) is divided by c.
1
Let w(d) = -7*d - 3. Suppose 69 = -5*m + 334. What is the remainder when m is divided by w(-3)?
17
Suppose 0 = -0*w - 2*w + 14. What is the remainder when w is divided by 2*(1 - 1/(-2))?
1
Let b be 0 + 4 + 3 + -4. Suppose r = 5*q - 8, -r - b*q + 16 = 4*r. Suppose 3*y - 20 = y + 4*z, -4*z - 12 = 2*y. Calculate the remainder when y is divided by r.
0
Calculate the remainder when (-70)/4*(-9 + (-5)/(-1)) is divided by 19.
13
Let v be (0 + -6)*(-168)/18. Suppose 2*q + v = -4*g, -5*q + 20 = -0*q. Calculate the remainder when 52 is divided by -1 - -2 - -1 - g.
16
Suppose 20 = -4*s + 8. Let f = 19 + -13. Calculate the remainder when (-32)/s + (-14)/21 is divided by f.
4
Suppose 0 = 5*g - 0*g. Suppose g = -5*y + 3*y + 4. Let p(k) = k**3 + 5. What is the remainder when p(0) is divided by y?
1
Suppose 266 - 83 = 3*d. What is the remainder when d is divided by 32?
29
Suppose 25*l = 20*l + 545. Calculate the remainder when l is divided by 28.
25
Suppose 52 = -63*w + 67*w. Calculate the remainder when 51 is divided by w.
12
Let x be (195/12)/(4/16). Suppose -2*z = -z - x. What is the remainder when z is divided by 17?
14
Let v be ((-8)/6)/((-4)/(-6)). Let k be (v*(-3)/(-6))/1. What is the remainder when 6 is divided by (24/(-8))/(k/1)?
0
Suppose -2*z + 166 - 6 = 0. Calculate the remainder when z is divided by 27.
26
Suppose -14 = 5*h + 6. What is the remainder when h/(-6) - 172/(-12) is divided by 9?
6
Suppose 13 = 4*d - 3. Suppose -z - z = -4. Suppose 0 = -j - d*o + 14, 2*j + z*o = -1 + 23. Calculate the remainder when 29 is divided by j.
9
Let q be (27/2)/((-1)/(-2)). Suppose 2*n - 4*l = 168, 3*n + l - q - 239 = 0. What is the remainder when 20 is divided by (-3)/(-2)*n/12?
9
Suppose 2*i = -5*d + 33 + 65, 2*i - 80 = -4*d. What is the remainder when d is divided by 5?
3
Suppose -4*f = -10*f + 90. What is the remainder when 132 is divided by f?
12
What is the remainder when 22 is divided by (-29)/6 - -5 - 82/(-12)?
1
Let q(s) = -s**2 - 3*s. Let z be q(-3). Suppose -7 = -2*m + p, -2*m - 3*p - 2*p + 13 = z. Calculate the remainder when (472/12)/(m/6) is divided by 20.
19
Let f(k) = -k**3 - 3*k**2 - k - 1. What is the remainder when -1 + 6*(-4)/(-6) is divided by f(-3)?
1
Let l = 74 - 43. Suppose 2*d = 5*u - 191, -l = 5*u + 4*d - 204. What is the remainder when u is divided by 10?
7
Let w = -19 - -19. Suppose -2*g - 130 = -2*v, 3*v - 115 = v + 5*g. What is the remainder when v is divided by -16 - -16 - (-18 - w)?
16
What is the remainder when (-33 - -29)*(0 - 14) is divided by 4?
0
Suppose 70 = 2*a + 2*q, -a - 2*q + 148 = 3*a. What is the remainder when a is divided by (-458)/(-22) + 6/33?
18
What is the remainder when 51 is divided by (8/6)/(4/33)?
7
Let g(s) = 2*s + 1. What is the remainder when 25 is divided by g(6)?
12
Let m = -115 - -202. Calculate the remainder when m is divided by 15.
12
Suppose 3 = 3*y, -2*s + 145 = 5*y - 90. Suppose -2*j = -7*j + s. What is the remainder when j is divided by 12?
11
Let r(t) = -t**3 - 6*t**2 + 3*t + 12. What is the remainder when r(-8) is divided by 9?
8
Suppose 0*c + 10 = -4*j - c, 3*j - 5*c = -19. Calculate the remainder when 39/6*2 + j is divided by 3.
1
Suppose 7*u = 2*u + 15. What is the remainder when 11 is divided by u?
2
Suppose 0 = 4*u, 5*s - 26 - 34 = -4*u. Calculate the remainder when 83 is divided by s.
11
Let j(o) = -o**3 + 7*o**2 + 7*o + 10. Let r be j(8). Suppose -y = -61 + r. What is the remainder when y is divided by 15?
14
Let h = -36 - -94. Let f = -22 - -28. Suppose 4*m = h - f. Calculate the remainder when 36 is divided by m.
10
Let z = -8 + 14. Let o be 218/4 - 3/6. Suppose -5*d = -0*n - n - o, -d - 3*n = -14. Calculate the remainder when d is divided by z.
5
Suppose -361 = -6*r - 37. What is the remainder when r is divided by 5?
4
Let d = -19 - -30. Let b = d + -9. Let t = 5 - 1. What is the remainder when t is divided by b?
0
Let k(h) = 2 + 4*h + h + 5. Let i(l) = -l - 1. Let z(r) = -6*i(r) - k(r). Calculate the remainder when 16 is divided by z(7).
4
Let w = 68 + -30. Calculate the remainder when w is divided by 4.
2
Let b(g) = g**3 - 4*g**2 - 4*g + 5. Suppose 0 = -5*n - k + 29, -2*n = k - 5*k + 6. Calculate the remainder when 17 is divided by b(n).
7
Let h = 27 - 15. Let f be (-3 - (0 + -2)) + 3. Suppose 43 = 2*d - 3*r, d + f*r + 2*r - 27 = 0. What is the remainder when d is divided by h?
11
Suppose -41 = -4*b + 3*h - 14, 4*h + 32 = 4*b. Calculate the remainder when (3/b)/((-2)/(-70)) is divided by 18.
17
Let t = 13 + -11. Suppose 0*f - 5*f = 5*d + 20, -d - 7 = -t*f. Suppose -k - 6 = -n, 0 = 2*n - 5*k - 8 - f. What is the remainder when n is divided by 3?
1
What is the remainder when (22 - 2)*(2 - 1) is divided by 11?
9
Let k(j) = j**3 - 6*j**2 - j - 1. Let w be k(6). Calculate the remainder when 9 is divided by (16/14)/((-2)/w).
1
Suppose -h + 6 + 4 = 0. Calculate the remainder when h is divided by 5.
0
Suppose 2*j = 8 - 4. Suppose -5*n + 4*n = 2, q + j*n - 38 = 0. What is the remainder when